{"id":135,"date":"2016-03-31T14:21:06","date_gmt":"2016-03-31T14:21:06","guid":{"rendered":"http:\/\/localhost:8080\/?page_id=2"},"modified":"2023-07-29T14:37:13","modified_gmt":"2023-07-29T14:37:13","slug":"home","status":"publish","type":"page","link":"https:\/\/cgem.org.br\/2023\/","title":{"rendered":"XXIV Congresso Ga\u00facho<br\/> de Educa\u00e7\u00e3o M\u00e9dica"},"content":{"rendered":"<h4>&nbsp;<\/h4>\n<p style=\"text-align: center;\"><a href=\"https:\/\/cgem.org.br\/2023\/trabalhos-e-resumos\/\"><img decoding=\"async\" loading=\"lazy\" class=\"aligncenter wp-image-3684\" src=\"https:\/\/cgem.org.br\/2023\/wp-content\/uploads\/2023\/07\/CGEM_agradecimentos.png\" alt=\"\" width=\"1000\" height=\"333\"><\/a><\/p>\n<hr>\n<h4 style=\"text-align: center;\"><span style=\"color: #000000;\"><strong>CERTIFICADOS LIBERADOS!<\/strong><\/span><\/h4>\n<p>&nbsp;<\/p>\n<p style=\"text-align: center;\"><span style=\"color: #000000;\">Os certificados de participa\u00e7\u00e3o e apresenta\u00e7\u00e3o de trabalhos do 24\u00ba CGEM<\/span><br><span style=\"color: #000000;\">est\u00e3o dispon\u00edveis para download, no <span style=\"color: #d05947;\"><a style=\"color: #d05947;\" href=\"https:\/\/admin.abem-nacional.com.br\/evento\/24-cgem\" target=\"_blank\" rel=\"noopener\"><strong>Painel do Congressista<\/strong><\/a><\/span>, no menu: Certificados.<\/span><strong><br><\/strong><\/p>\n<p style=\"text-align: center;\">&nbsp;<\/p>\n<hr>\n<p><strong>&#8211; Local do Evento:<\/strong><br>Entrada Social do Hospital das Cl\u00ednicas de Porto Alegre (HCPA)<br>Av. Prot\u00e1sio Alves, 211 (143 no Google Maps)<br>Para acessar a localiza\u00e7\u00e3o, <span style=\"color: #db4d4d;\"><a style=\"color: #db4d4d;\" href=\"https:\/\/www.google.com.br\/maps\/@-30.037313,-51.206685,3a,75y,162.47h,92.49t\/data=!3m7!1e1!3m5!1sKV6MqS1Ra1AcRhL1N87cIA!2e0!6shttps:%2F%2Fstreetviewpixels-pa.googleapis.com%2Fv1%2Fthumbnail%3Fpanoid%3DKV6MqS1Ra1AcRhL1N87cIA%26cb_client%3Dmaps_sv.tactile.gps%26w%3D203%26h%3D100%26yaw%3D37.23035%26pitch%3D0%26thumbfov%3D100!7i16384!8i8192?entry=ttu\" target=\"_blank\" rel=\"noopener\">Clique Aqui<\/a>.<\/span>&nbsp;<\/p>\n<p><strong>&#8211; Aplicativo | Abem Eventos<\/strong><br>Baixe o aplicativo <em>Abem Eventos<\/em> para ter acesso a programa\u00e7\u00e3o completa, mapas do evento, informa\u00e7\u00f5es sobre trabalhos, entre outros recursos. <br>Dispon\u00edvel para Android e iOS.<\/p>\n<p>&nbsp;<\/p>\n<hr>\n<h4 style=\"text-align: center;\"><span style=\"color: #000000;\"><strong>Seja bem-vindo!<\/strong><\/span><\/h4>\n<p>&nbsp;<\/p>\n<p>A Regional Sul I da Associa\u00e7\u00e3o Brasileira de Educa\u00e7\u00e3o M\u00e9dica (ABEM) tem o prazer de convidar todos os envolvidos com a forma\u00e7\u00e3o m\u00e9dica para o <strong>24\u00ba Congresso Ga\u00facho de Educa\u00e7\u00e3o M\u00e9dica (CGEM). <\/strong><\/p>\n<p>&nbsp;<\/p>\n<p>O CGEM ocorrer\u00e1 em Porto Alegre nos dias 30 de junho e 1\u00ba de julho, tendo a Faculdade de Medicina da Universidade Federal do Rio Grande do Sul como anfitri\u00e3 e o Hospital de Cl\u00ednicas de Porto Alegre como institui\u00e7\u00e3o apoiadora.<\/p>\n<p>&nbsp;<\/p>\n<p>O tema central do Congresso \u00e9 <strong>Educa\u00e7\u00e3o M\u00e9dica Baseada no Cuidado: 125 anos de forma\u00e7\u00e3o m\u00e9dica no Rio Grande do Sul<\/strong>, uma refer\u00eancia \u00e0 funda\u00e7\u00e3o da Famed\/UFRGS, terceira escola de medicina criada no Brasil, em 1898. Entendemos que esse tema central permite explorar as diversas dimens\u00f5es do cuidado em sa\u00fade ao longo desse per\u00edodo: os estudantes, os docentes e, especialmente, a popula\u00e7\u00e3o sob nossa responsabilidade. Esse \u00e9 um dos grandes desafios que v\u00eam sendo discutidos mais recentemente por educadores m\u00e9dicos em todo o mundo. Nessa perspectiva, a forma\u00e7\u00e3o n\u00e3o pode estar dissociada da realidade social, do sistema de sa\u00fade do nosso pa\u00eds e dos seus protagonistas mais diretos.<\/p>\n<p>&nbsp;<\/p>\n<p>Sem perder de vista as tend\u00eancias tradicionais, estamos programando uma s\u00e9rie de atividades criativas e provocadoras, como acreditamos que deva ser a pr\u00f3pria forma\u00e7\u00e3o m\u00e9dica na atualidade.<\/p>\n<p>&nbsp;<\/p>\n<p>Esperamos um CGEM inclusivo e inovador! N\u00e3o perca essa oportunidade!<\/p>\n<hr>\n<h4 style=\"text-align: center;\"><strong><br>REALIZA\u00c7\u00c3O:<\/strong><\/h4>\n<p>&nbsp;<\/p>\n<p style=\"text-align: center;\"><img decoding=\"async\" loading=\"lazy\" class=\"wp-image-2969 alignleft\" src=\"https:\/\/cgem.org.br\/2023\/wp-content\/uploads\/2019\/09\/abem_v2-250x121.jpg\" alt=\"\" width=\"300\" height=\"145\" srcset=\"https:\/\/cgem.org.br\/2023\/wp-content\/uploads\/2019\/09\/abem_v2-250x121.jpg 250w, https:\/\/cgem.org.br\/2023\/wp-content\/uploads\/2019\/09\/abem_v2-120x58.jpg 120w, https:\/\/cgem.org.br\/2023\/wp-content\/uploads\/2019\/09\/abem_v2.jpg 580w\" sizes=\"(max-width: 300px) 100vw, 300px\" \/><img decoding=\"async\" loading=\"lazy\" class=\"alignleft wp-image-3576\" src=\"https:\/\/cgem.org.br\/2023\/wp-content\/uploads\/2023\/04\/24cgem_logo_realizacao2.jpg\" alt=\"\" width=\"280\" height=\"158\"><\/p>\n<hr>\n<h4 style=\"text-align: center;\"><strong>APOIO:<\/strong><\/h4>\n<p>&nbsp;<\/p>\n<p style=\"text-align: center;\"><img decoding=\"async\" loading=\"lazy\" class=\"aligncenter wp-image-3577\" src=\"https:\/\/cgem.org.br\/2023\/wp-content\/uploads\/2023\/04\/24cgem_logo_apoio1.jpg\" alt=\"\" width=\"200\" height=\"113\"><\/p>\n\n\n<p><\/p>\n","protected":false},"excerpt":{"rendered":"&nbsp; CERTIFICADOS LIBERADOS! &nbsp; Os certificados de participa\u00e7\u00e3o e apresenta\u00e7\u00e3o de trabalhos do 24\u00ba CGEMest\u00e3o dispon\u00edveis para download, no Painel do Congressista, no menu: Certificados. &nbsp; &#8211; Local do Evento:Entrada Social do Hospital das Cl\u00ednicas de Porto Alegre (HCPA)Av. Prot\u00e1sio Alves, 211 (143 no Google Maps)Para acessar a localiza\u00e7\u00e3o, Clique Aqui.&nbsp; &#8211; Aplicativo | Abem&#8230; <a class=\"view-article\" href=\"https:\/\/cgem.org.br\/2023\/\">Ver artigo<\/a>","protected":false},"author":2,"featured_media":3596,"parent":0,"menu_order":1,"comment_status":"closed","ping_status":"closed","template":"template_home.php","meta":[],"acf":[],"_links":{"self":[{"href":"https:\/\/cgem.org.br\/2023\/wp-json\/wp\/v2\/pages\/135"}],"collection":[{"href":"https:\/\/cgem.org.br\/2023\/wp-json\/wp\/v2\/pages"}],"about":[{"href":"https:\/\/cgem.org.br\/2023\/wp-json\/wp\/v2\/types\/page"}],"author":[{"embeddable":true,"href":"https:\/\/cgem.org.br\/2023\/wp-json\/wp\/v2\/users\/2"}],"replies":[{"embeddable":true,"href":"https:\/\/cgem.org.br\/2023\/wp-json\/wp\/v2\/comments?post=135"}],"version-history":[{"count":10,"href":"https:\/\/cgem.org.br\/2023\/wp-json\/wp\/v2\/pages\/135\/revisions"}],"predecessor-version":[{"id":3689,"href":"https:\/\/cgem.org.br\/2023\/wp-json\/wp\/v2\/pages\/135\/revisions\/3689"}],"wp:featuredmedia":[{"embeddable":true,"href":"https:\/\/cgem.org.br\/2023\/wp-json\/wp\/v2\/media\/3596"}],"wp:attachment":[{"href":"https:\/\/cgem.org.br\/2023\/wp-json\/wp\/v2\/media?parent=135"}],"curies":[{"name":"wp","href":"https:\/\/api.w.org\/{rel}","templated":true}]}}