{"id":478,"date":"2016-07-13T13:29:32","date_gmt":"2016-07-13T13:29:32","guid":{"rendered":"http:\/\/cobem.com.br\/2016\/?page_id=478"},"modified":"2023-04-12T23:55:46","modified_gmt":"2023-04-12T23:55:46","slug":"o-evento","status":"publish","type":"page","link":"https:\/\/cgem.org.br\/2023\/o-congresso\/o-evento\/","title":{"rendered":"Sobre o Evento"},"content":{"rendered":"<p>A Regional Sul I da Associa\u00e7\u00e3o Brasileira de Educa\u00e7\u00e3o M\u00e9dica (ABEM) tem o prazer de convidar todos os envolvidos com a forma\u00e7\u00e3o m\u00e9dica para o <strong>24\u00ba Congresso Ga\u00facho de Educa\u00e7\u00e3o M\u00e9dica (CGEM). <\/strong><\/p>\n<p>&nbsp;<\/p>\n<p>O CGEM ocorrer\u00e1 em Porto Alegre nos dias 30 de junho e 1\u00ba de julho, tendo a Faculdade de Medicina da Universidade Federal do Rio Grande do Sul como anfitri\u00e3 e o Hospital de Cl\u00ednicas de Porto Alegre como institui\u00e7\u00e3o apoiadora.<\/p>\n<p>&nbsp;<\/p>\n<p>O tema central do Congresso \u00e9 <strong>Educa\u00e7\u00e3o M\u00e9dica Baseada no Cuidado: 125 anos de forma\u00e7\u00e3o m\u00e9dica no Rio Grande do Sul<\/strong>, uma refer\u00eancia \u00e0 funda\u00e7\u00e3o da Famed\/UFRGS, terceira escola de medicina criada no Brasil, em 1898. Entendemos que esse tema central permite explorar as diversas dimens\u00f5es do cuidado em sa\u00fade ao longo desse per\u00edodo: os estudantes, os docentes e, especialmente, a popula\u00e7\u00e3o sob nossa responsabilidade. Esse \u00e9 um dos grandes desafios que v\u00eam sendo discutidos mais recentemente por educadores m\u00e9dicos em todo o mundo. Nessa perspectiva, a forma\u00e7\u00e3o n\u00e3o pode estar dissociada da realidade social, do sistema de sa\u00fade do nosso pa\u00eds e dos seus protagonistas mais diretos.<\/p>\n<p>&nbsp;<\/p>\n<p>Sem perder de vista as tend\u00eancias tradicionais, estamos programando uma s\u00e9rie de atividades criativas e provocadoras, como acreditamos que deva ser a pr\u00f3pria forma\u00e7\u00e3o m\u00e9dica na atualidade.<\/p>\n<p>&nbsp;<\/p>\n<p>Esperamos um CGEM inclusivo e inovador! N\u00e3o perca essa oportunidade!<\/p>\n<hr>\n","protected":false},"excerpt":{"rendered":"A Regional Sul I da Associa\u00e7\u00e3o Brasileira de Educa\u00e7\u00e3o M\u00e9dica (ABEM) tem o prazer de convidar todos os envolvidos com a forma\u00e7\u00e3o m\u00e9dica para o 24\u00ba Congresso Ga\u00facho de Educa\u00e7\u00e3o M\u00e9dica (CGEM). &nbsp; O CGEM ocorrer\u00e1 em Porto Alegre nos dias 30 de junho e 1\u00ba de julho, tendo a Faculdade de Medicina da Universidade&#8230; <a class=\"view-article\" href=\"https:\/\/cgem.org.br\/2023\/o-congresso\/o-evento\/\">Ver artigo<\/a>","protected":false},"author":2,"featured_media":3574,"parent":23,"menu_order":1,"comment_status":"closed","ping_status":"closed","template":"template_institutional.php","meta":[],"acf":[],"_links":{"self":[{"href":"https:\/\/cgem.org.br\/2023\/wp-json\/wp\/v2\/pages\/478"}],"collection":[{"href":"https:\/\/cgem.org.br\/2023\/wp-json\/wp\/v2\/pages"}],"about":[{"href":"https:\/\/cgem.org.br\/2023\/wp-json\/wp\/v2\/types\/page"}],"author":[{"embeddable":true,"href":"https:\/\/cgem.org.br\/2023\/wp-json\/wp\/v2\/users\/2"}],"replies":[{"embeddable":true,"href":"https:\/\/cgem.org.br\/2023\/wp-json\/wp\/v2\/comments?post=478"}],"version-history":[{"count":10,"href":"https:\/\/cgem.org.br\/2023\/wp-json\/wp\/v2\/pages\/478\/revisions"}],"predecessor-version":[{"id":3543,"href":"https:\/\/cgem.org.br\/2023\/wp-json\/wp\/v2\/pages\/478\/revisions\/3543"}],"up":[{"embeddable":true,"href":"https:\/\/cgem.org.br\/2023\/wp-json\/wp\/v2\/pages\/23"}],"wp:featuredmedia":[{"embeddable":true,"href":"https:\/\/cgem.org.br\/2023\/wp-json\/wp\/v2\/media\/3574"}],"wp:attachment":[{"href":"https:\/\/cgem.org.br\/2023\/wp-json\/wp\/v2\/media?parent=478"}],"curies":[{"name":"wp","href":"https:\/\/api.w.org\/{rel}","templated":true}]}}

<p>A Regional Sul I da Associação Brasileira de Educação Médica (ABEM) tem o prazer de convidar todos os envolvidos com a formação médica para o <strong>24º Congresso Gaúcho de Educação Médica (CGEM). </strong></p>
<p>&nbsp;</p>
<p>O CGEM ocorrerá em Porto Alegre nos dias 30 de junho e 1º de julho, tendo a Faculdade de Medicina da Universidade Federal do Rio Grande do Sul como anfitriã e o Hospital de Clínicas de Porto Alegre como instituição apoiadora.</p>
<p>&nbsp;</p>
<p>O tema central do Congresso é <strong>Educação Médica Baseada no Cuidado: 125 anos de formação médica no Rio Grande do Sul</strong>, uma referência à fundação da Famed/UFRGS, terceira escola de medicina criada no Brasil, em 1898. Entendemos que esse tema central permite explorar as diversas dimensões do cuidado em saúde ao longo desse período: os estudantes, os docentes e, especialmente, a população sob nossa responsabilidade. Esse é um dos grandes desafios que vêm sendo discutidos mais recentemente por educadores médicos em todo o mundo. Nessa perspectiva, a formação não pode estar dissociada da realidade social, do sistema de saúde do nosso país e dos seus protagonistas mais diretos.</p>
<p>&nbsp;</p>
<p>Sem perder de vista as tendências tradicionais, estamos programando uma série de atividades criativas e provocadoras, como acreditamos que deva ser a própria formação médica na atualidade.</p>
<p>&nbsp;</p>
<p>Esperamos um CGEM inclusivo e inovador! Não perca essa oportunidade!</p>
<hr>

A Regional Sul I da Associação Brasileira de Educação Médica (ABEM) tem o prazer de convidar todos os envolvidos com a formação médica para o 24º Congresso Gaúcho de Educação Médica (CGEM). &nbsp; O CGEM ocorrerá em Porto Alegre nos dias 30 de junho e 1º de julho, tendo a Faculdade de Medicina da Universidade&#8230; <a class="view-article" href="https://cgem.org.br/2023/o-congresso/o-evento/">Ver artigo</a>
